1489
What are the prime factors of 206739?
3, 13, 19, 31
What are the prime factors of 52228?
2, 11, 1187
What are the prime factors of 5104068?
2, 3, 23, 18493
What are the prime factors of 12121120?
2, 5, 11, 71, 97
List the prime factors of 9996098.
2, 7, 102001
List the prime factors of 429970.
2, 5, 19, 31, 73
What are the prime factors of 690990?
2, 3, 5, 31, 743
List the prime factors of 10664864.
2, 7, 47, 1013
What are the prime factors of 29554904?
2, 31, 119173
List the prime factors of 744861.
3, 13, 71, 269
What are the prime factors of 235765?
5, 61, 773
What are the prime factors of 7830151?
7, 159799
List the prime factors of 353447.
17, 1223
List the prime factors of 469533.
3, 156511
List the prime factors of 382204.
2, 19, 47, 107
What are the prime factors of 2899826?
2, 17, 29, 173
List the prime factors of 1079096.
2, 134887
List the prime factors of 6289424.
2, 67, 5867
What are the prime factors of 5378857?
11, 337, 1451
List the prime factors of 1360071.
3, 29, 193
What are the prime factors of 3872800?
2, 5, 47, 103
What are the prime factors of 426569?
11, 13, 19, 157
What are the prime factors of 506342?
2, 409, 619
List the prime factors of 725094.
2, 3, 40283
List the prime factors of 12494265.
3, 5, 7, 89, 191
What are the prime factors of 192544?
2, 11, 547
What are the prime factors of 264432?
2, 3, 7, 787
List the prime factors of 2008277.
2008277
What are the prime factors of 12616075?
5, 23, 37, 593
List the prime factors of 8971964.
2, 757, 2963
List the prime factors of 542862.
2, 3, 1117
List the prime factors of 531004.
2, 132751
What are the prime factors of 777942?
2, 3, 11, 3929
What are the prime factors of 263555?
5, 52711
List the prime factors of 62433.
3, 7, 991
What are the prime factors of 205746?
2, 3, 53, 647
What are the prime factors of 2806657?
7, 547, 733
What are the prime factors of 706056?
2, 3, 13, 31, 73
What are the prime factors of 8554587?
3, 17, 59, 2843
What are the prime factors of 428187?
3, 53, 2693
What are the prime factors of 849591?
3, 94399
List the prime factors of 943820.
2, 5, 41, 1151
What are the prime factors of 264479?
73, 3623
What are the prime factors of 61343?
61343
List the prime factors of 911853.
3, 71, 1427
List the prime factors of 154795.
5, 83, 373
What are the prime factors of 300719?
300719
List the prime factors of 493197.
3, 79, 2081
What are the prime factors of 1680847?
7, 34303
What are the prime factors of 101415?
3, 5, 6761
List the prime factors of 2673809.
191, 13999
What are the prime factors of 282845?
5, 56569
What are the prime factors of 1455861?
3, 11, 157, 281
List the prime factors of 93400.
2, 5, 467
List the prime factors of 658198.
2, 19, 17321
What are the prime factors of 910382?
2, 11, 41381
List the prime factors of 4888235.
5, 11, 31, 47, 61
List the prime factors of 3539282.
2, 19, 93139
List the prime factors of 1503749.
13, 131, 883
List the prime factors of 1352503.
17, 79559
What are the prime factors of 515621?
515621
What are the prime factors of 35683773?
3, 11894591
What are the prime factors of 5059010?
2, 5, 11, 37, 113
List the prime factors of 344471.
17, 23, 881
List the prime factors of 119530.
2, 5, 11953
List the prime factors of 233179.
251, 929
List the prime factors of 3432447.
3, 381383
What are the prime factors of 238072?
2, 29759
List the prime factors of 153000.
2, 3, 5, 17
What are the prime factors of 47972?
2, 67, 179
What are the prime factors of 1403044?
2, 17, 47, 439
What are the prime factors of 311916?
2, 3, 11, 17, 139
List the prime factors of 388516.
2, 23, 41, 103
What are the prime factors of 1740895?
5, 13, 26783
What are the prime factors of 7874492?
2, 157, 12539
What are the prime factors of 246175?
5, 43, 229
What are the prime factors of 21615308?
2, 11, 13, 23, 31, 53
List the prime factors of 532084.
2, 7, 31, 613
List the prime factors of 14457054.
2, 3, 2409509
What are the prime factors of 18456388?
2, 599, 7703
List the prime factors of 1065323.
7, 152189
List the prime factors of 4593926.
2, 2296963
What are the prime factors of 168596?
2, 113, 373
List the prime factors of 587393.
233, 2521
List the prime factors of 298619.
67, 4457
What are the prime factors of 12122758?
2, 6061379
List the prime factors of 29706.
2, 3, 4951
What are the prime factors of 97430?
2, 5, 9743
What are the prime factors of 630098?
2, 7, 45007
What are the prime factors of 3409693?
7, 487099
What are the prime factors of 17707120?
2, 5, 211, 1049
List the prime factors of 127075.
5, 13, 17, 23
List the prime factors of 475992.
2, 3, 11, 601
List the prime factors of 253332.
2, 3, 31, 227
What are the prime factors of 10135721?
19, 533459
What are the prime factors of 373860?
2, 3, 5, 31, 67
List the prime factors of 6150404.
2, 13, 118277
What are the prime factors of 4128981?
3, 101, 13627
List the prime factors of 186255.
3, 5, 4139
List the prime factors of 31801.
7, 11, 59
What are the prime factors of 23327?
23327
List the prime factors of 2941842.
2, 3, 113, 4339
List the prime factors of 8821665.
3, 5, 43, 47, 97
What are the prime factors of 1151718?
2, 3, 191953
List the prime factors of 6242.
2, 3121
What are the prime factors of 2979286?
2, 29, 31, 1657
What are the prime factors of 7555152?
2, 3, 11, 41, 349
What are the prime factors of 3511093?
1697, 2069
What are the prime factors of 30661?
30661
What are the prime factors of 176913?
3, 11, 1787
List the prime factors of 30253.
30253
List the prime factors of 2951305.
5, 7, 37, 43, 53
What are the prime factors of 2325298?
2, 1162649
What are the prime factors of 31381?
7, 4483
List the prime factors of 3617021.
337, 10733
List the prime factors of 496443.
3, 127, 1303
List the prime factors of 5520070.
2, 5, 17, 19, 1709
List the prime factors of 571193.
7, 11657
What are the prime factors of 22353177?
3, 7, 11, 19, 463
What are the prime factors of 483320?
2, 5, 43, 281
What are the prime factors of 605382?
2, 3, 163, 619
What are the prime factors of 9016191?
3, 79, 1409
What are the prime factors of 511112?
2, 7, 9127
What are the prime factors of 625972?
2, 156493
What are the prime factors of 82936?
2, 7, 1481
List the prime factors of 1730657.
1730657
What are the prime factors of 208538?
2, 11, 9479
What are the prime factors of 1582979?
967, 1637
List the prime factors of 834885.
3, 5, 18553
List the prime factors of 1478210.
2, 5, 23, 6427
What are the prime factors of 16759898?
2, 41, 313, 653
List the prime factors of 816854.
2, 408427
What are the prime factors of 282199?
29, 37, 263
List the prime factors of 3738719.
23, 162553
What are the prime factors of 34330?
2, 5, 3433
List the prime factors of 13714530.
2, 3, 5, 457151
List the prime factors of 984769.
59, 16691
What are the prime factors of 220274?
2, 241, 457
What are the prime factors of 83274?
2, 3, 13879
What are the prime factors of 244570?
2, 5, 37, 661
List the prime factors of 770932.
2, 37, 5209
List the prime factors of 6001865.
5, 1200373
What are the prime factors of 469329?
3, 7, 22349
List the prime factors of 456169.
7, 65167
List the prime factors of 743646.
2, 3, 123941
List the prime factors of 245564.
2, 11, 5581
What are the prime factors of 9615235?
5, 7, 19, 761
List the prime factors of 769544.
2, 29, 31, 107
List the prime factors of 13287947.
13287947
What are the prime factors of 408083?
13, 31391
What are the prime factors of 16655?
5, 3331
List the prime factors of 4666473.
3, 7, 74071
What are the prime factors of 825963?
3, 275321
What are the prime factors of 296017?
296017
List the prime factors of 690526.
2, 345263
List the prime factors of 1620074.
2, 23, 41, 859
List the prime factors of 1420018.
2, 710009
What are the prime factors of 680967?
3, 7, 1201
What are the prime factors of 6266208?
2, 3, 13, 5021
What are the prime factors of 369900?
2, 3, 5, 137
What are the prime factors of 5180?
2, 5, 7, 37
List the prime factors of 382230.
2, 3, 5, 31, 137
List the prime factors of 2506723.
2506723
What are the prime factors of 31237?
31237
What are the prime factors of 3404273?
3404273
List the prime factors of 4302.
2, 3, 239
List the prime factors of 2004174.
2, 3, 23, 47, 103
What are the prime factors of 20679?
3, 61,